by 67128?
21
What is the remainder when 105108 is divided by 641?
625
What is the remainder when 10729 is divided by 5?
4
Calculate the remainder when 193 is divided by 37.
8
Calculate the remainder when 129593 is divided by 358.
355
What is the remainder when 600 is divided by 87?
78
Calculate the remainder when 1858 is divided by 118.
88
Calculate the remainder when 55838 is divided by 18.
2
Calculate the remainder when 32062 is divided by 15853.
356
What is the remainder when 5108 is divided by 5105?
3
What is the remainder when 4978 is divided by 709?
15
Calculate the remainder when 202275 is divided by 209.
172
Calculate the remainder when 32246 is divided by 16103.
40
What is the remainder when 15217 is divided by 39?
7
Calculate the remainder when 3778 is divided by 14.
12
What is the remainder when 3459 is divided by 340?
59
What is the remainder when 192490 is divided by 107?
104
Calculate the remainder when 871557 is divided by 8.
5
Calculate the remainder when 13802 is divided by 26.
22
What is the remainder when 297623 is divided by 33?
29
What is the remainder when 65015 is divided by 72?
71
What is the remainder when 11703 is divided by 5377?
949
What is the remainder when 20418 is divided by 138?
132
What is the remainder when 2266 is divided by 558?
34
Calculate the remainder when 369892 is divided by 4742.
16
What is the remainder when 638493 is divided by 250?
243
Calculate the remainder when 28867 is divided by 85.
52
Calculate the remainder when 15748 is divided by 926.
6
What is the remainder when 243978 is divided by 40661?
12
What is the remainder when 268796 is divided by 560?
556
Calculate the remainder when 17472 is divided by 5.
2
What is the remainder when 3865 is divided by 185?
165
What is the remainder when 9997 is divided by 82?
75
Calculate the remainder when 821 is divided by 95.
61
What is the remainder when 6879 is divided by 145?
64
What is the remainder when 5646 is divided by 1384?
110
Calculate the remainder when 1274 is divided by 255.
254
Calculate the remainder when 22581 is divided by 215.
6
Calculate the remainder when 493258 is divided by 60.
58
Calculate the remainder when 33534 is divided by 16557.
420
What is the remainder when 9102 is divided by 123?
0
What is the remainder when 1817 is divided by 505?
302
Calculate the remainder when 42732 is divided by 1526.
4
Calculate the remainder when 1450 is divided by 505.
440
Calculate the remainder when 97404 is divided by 385.
384
Calculate the remainder when 172139 is divided by 93.
89
Calculate the remainder when 50590 is divided by 37.
11
Calculate the remainder when 417453 is divided by 242.
3
What is the remainder when 19511 is divided by 355?
341
What is the remainder when 144000 is divided by 137?
13
What is the remainder when 375 is divided by 82?
47
Calculate the remainder when 7275 is divided by 1173.
237
What is the remainder when 45793 is divided by 214?
211
What is the remainder when 13058 is divided by 2303?
1543
Calculate the remainder when 755 is divided by 546.
209
What is the remainder when 498301 is divided by 21665?
6
What is the remainder when 10790 is divided by 133?
17
What is the remainder when 156014 is divided by 199?
197
What is the remainder when 95374 is divided by 13620?
34
What is the remainder when 87298 is divided by 92?
82
What is the remainder when 514 is divided by 78?
46
What is the remainder when 4846 is divided by 230?
16
Calculate the remainder when 4055 is divided by 504.
23
What is the remainder when 11322 is divided by 1024?
58
Calculate the remainder when 12527 is divided by 87.
86
Calculate the remainder when 457 is divided by 63.
16
What is the remainder when 16877 is divided by 1654?
337
Calculate the remainder when 40790 is divided by 2039.
10
What is the remainder when 59060 is divided by 127?
5
What is the remainder when 43803 is divided by 49?
46
What is the remainder when 3264 is divided by 1004?
252
What is the remainder when 331812 is divided by 87?
81
What is the remainder when 6362 is divided by 1487?
414
What is the remainder when 688234 is divided by 20?
14
Calculate the remainder when 451176 is divided by 74.
72
What is the remainder when 7503 is divided by 940?
923
Calculate the remainder when 3944 is divided by 3571.
373
Calculate the remainder when 530555 is divided by 38.
37
What is the remainder when 458 is divided by 238?
220
Calculate the remainder when 10886 is divided by 2175.
11
What is the remainder when 12442 is divided by 44?
34
Calculate the remainder when 80995 is divided by 172.
155
Calculate the remainder when 223638 is divided by 1229.
1189
What is the remainder when 111014 is divided by 4440?
14
Calculate the remainder when 9233 is divided by 3037.
122
Calculate the remainder when 14930 is divided by 4961.
47
What is the remainder when 9326 is divided by 286?
174
What is the remainder when 9710 is divided by 242?
30
Calculate the remainder when 7913 is divided by 7883.
30
Calculate the remainder when 31873 is divided by 27.
13
What is the remainder when 1044 is divided by 526?
518
Calculate the remainder when 11411 is divided by 2276.
31
Calculate the remainder when 400819 is divided by 49.
48
What is the remainder when 147523 is divided by 15?
13
What is the remainder when 3917 is divided by 91?
4
Calculate the remainder when 15297 is divided by 1177.
1173
Calculate the remainder when 23466 is divided by 65.
1
What is the remainder when 36265 is divided by 671?
31
Calculate the remainder when 58722 is divided by 11742.
12
What is the remainder when 12812 is divided by 217?
9
Calculate the remainder when 781 is divided by 219.
124
Calculate the remainder when 1326 is divided by 25.
1
What is the remainder when 14798 is divided by 235?
228
What is the remainder when 37232 is divided by 5317?
13
Calculate the remainder when 119695 is divided by 258.
241
What is the remainder when 45683 is divided by 11419?
7
Calculate the remainder when 1318 is divided by 136.
94
Calculate the remainder when 558 is divided by 70.
68
What is the remainder when 133339 is divided by 242?
239
What is the remainder when 2460 is divided by 1663?
797
Calculate the remainder when 96863 is divided by 201.
182
Calculate the remainder when 719 is divided by 236.
11
Calculate the remainder when 137483 is divided by 201.
200
What is the remainder when 5149676 is divided by 86?
82
What is the remainder when 1745 is divided by 62?
9
Calculate the remainder when 13869 is divided by 6922.
25
Calculate the remainder when 5825 is divided by 219.
131
What is the remainder when 12577 is divided by 5812?
953
What is the remainder when 79764 is divided by 13?
9
What is the remainder when 20958 is divided by 6982?
12
Calculate the remainder when 5697 is divided by 392.
209
What is the remainder when 2820 is divided by 378?
174
Calculate the remainder when 277475 is divided by 18.
5
Calculate the remainder when 118504 is divided by 59246.
12
What is the remainder when 3791 is divided by 3787?
4
Calculate the remainder when 3642 is divided by 1363.
916
What is the remainder when 897894 is divided by 23?
20
Calculate the remainder when 598 is divided by 95.
28
What is the remainder when 30276 is divided by 1010?
986
What is the remainder when 404 is divided by 39?
14
Calculate the remainder when 588010 is divided by 38.
36
Calculate the remainder when 3402 is divided by 32.
10
Calculate the remainder when 36336 is divided by 43.
1
What is the remainder when 395154 is divided by 223?
221
What is the remainder when 112537 is divided by 10?
7
What is the remainder when 18240 is divided by 6070?
30
What is the remainder when 239254 is divided by 14?
8
What is the remainder when 5805 is divided by 490?
415
What is the remainder when 44147 is divided by 53?
51
What is the remainder when 142587 is divided by 47528?
3
What is the remainder when 6221 is divided by 249?
245
Calculate the remainder when 2930 is divided by 1457.
16
What is the remainder when 3560 is divided by 872?
72
Calculate the remainder when 70019 is divided by 2332.
59
Calculate the remainder when 50403 is divided by 16764.
111
What is the remainder when 132160 is divided by 495?
490
Calculate the remainder when 127772 is divided by 43.
19
Calculate the